ns digit of s?
0
What is the hundreds digit of -11 - -13 - (-906)/2?
4
Suppose -4 = -2*d + 5*x - 2, -5*x = -3*d + 8. Let m(y) = -y**2 + 12*y + 7. Let w be m(d). Suppose -5*h + w = -27. What is the tens digit of h?
1
Suppose 2*z - r = 2*r + 23, 3*z + 5*r - 25 = 0. Suppose 5*v + 245 = z*v. What is the tens digit of v?
4
Let d be 2/(-5) - 28/5. Let w be d/(-10) + 4/10. What is the units digit of w + -4 - 4*-2?
5
Let r = 0 - 0. Suppose r = -4*m - 3*t + 5*t + 260, 4*t - 284 = -4*m. What is the tens digit of m?
6
Suppose -4*b + 1246 = 3*m, -3*b + 212 = -3*m - 733. Let w = -163 + b. What is the hundreds digit of w?
1
Suppose -5*t + 5*a + 15 = 0, 4*t + 8 - 28 = 2*a. Suppose 0 = t*q - 5*q - 98. What is the tens digit of q?
4
Let n(a) = 10*a - 50. Let p(s) = 7*s - 33. Let x(v) = -5*n(v) + 7*p(v). What is the units digit of x(4)?
5
Let a(u) = u + 2. Let i be a(-1). What is the units digit of 153 + (i - 0) + 4 + -6?
2
Let a = -46 - -24. Let j(w) = -w**3 - 22*w**2 + 8. What is the units digit of j(a)?
8
Suppose -4*k + 2182 = -2*k - 4*t, -t = 3*k - 3280. What is the units digit of k?
3
Let l(i) = -i**2 + 5*i + 17. Let x be l(7). Suppose x*y - 168 = -3*y. What is the tens digit of y?
2
Suppose -4*g - 10 = -5*g. Let l = 11 + g. What is the units digit of 6/l - 24/(-14)?
2
Let p(d) = -d**3 + 8*d**2 + 14*d + 8. What is the tens digit of p(7)?
5
Let g(b) = -b**3 - 9*b**2 - 9*b + 1. Let i be g(-8). Let h(f) = -3*f + 28. Let r be h(12). Let y = r + i. What is the units digit of y?
1
Let k be (-2)/7 + -3 + 233/7. Suppose h - 30 = k. What is the tens digit of h?
6
Let g(u) = -517*u - 23. What is the hundreds digit of g(-1)?
4
Suppose 4*j = -3*u + 28, 5*u - 8 = -0*j + 3*j. Suppose -z + 38 = -u*c + 7*c, -118 = -3*z - 5*c. What is the units digit of z?
1
Let v(i) = -2*i**3 + 7*i**2 + 4*i + 4. Let a = -8 + 0. Let m(t) = 5*t**3 - 20*t**2 - 11*t - 11. Let s(z) = a*v(z) - 3*m(z). What is the units digit of s(-2)?
7
Suppose 7*z - 25 = 2*z. Suppose -z*q + 870 = -3*w - 315, q - 237 = -w. What is the units digit of q?
7
Let p = -2151 + 7405. What is the units digit of p?
4
Suppose 2*c = -c + 3. Suppose -2*m - r = -10, 5*m - c - 25 = -3*r. Suppose o + 83 = 5*b - 0*o, 4*o - m = -b. What is the units digit of b?
6
Let j(y) = 39*y**2 - 45*y + 15. What is the tens digit of j(7)?
1
Let x(r) = 14*r - 2. Let s be x(-1). What is the tens digit of 3/((-12)/s) + 58?
6
Suppose -1 - 34 = -5*q. Suppose -2*n + 3 = 5*w, -q + 2 = -2*n - 3*w. What is the units digit of n/(-18) - 1967/(-63)?
1
Let y = -23 - 7. What is the units digit of (y/(-9) + 0)*87/2?
5
Let p = 7 + -7. Let c be 3 + 3 + -4 + p. Suppose -3*n + 140 = c*n - 2*u, -5*u - 103 = -3*n. What is the units digit of n?
6
Let i(r) = -862*r - 543. What is the tens digit of i(-4)?
0
Let y be -3 + 25 - 5*1. Let l = y + 103. What is the units digit of l?
0
Let r(i) = -4*i + 2. Let s be r(2). Let h be ((-7)/(-2))/((-3)/s). What is the tens digit of 0 - 3 - -5*h?
3
Suppose 3*f = 4*b + b + 46, 1 = -2*f - 3*b. Suppose -f*y + 6*y = -13. Let t = 14 - y. What is the units digit of t?
1
Suppose -15 = -l + 2*l. Let t = 41 + l. What is the tens digit of t?
2
Suppose -3*x + 7 = -8. Suppose -u = -x*u. Suppose -12 = -u*r - r. What is the units digit of r?
2
Let k(d) = 2*d + 1. Suppose -5 = -b - 3. Let w be k(b). Suppose w*h + 15 = 2*q + 3*q, -h = -3*q + 17. What is the units digit of q?
7
Let q(j) = 38*j**2 - j. Let s be -24 + 21 + 2/1. What is the tens digit of q(s)?
3
Suppose 0 = 2*r - b - 25, -2*b + 3 = -5*r + 67. Suppose -2*i = -4*i - r. Let h = i + 23. What is the tens digit of h?
1
Let z = 30 - 25. Let h(v) = 3*v**3 - 4 + 5*v**2 - 4*v**3 + v + v. What is the units digit of h(z)?
6
Let v = -27 - -42. Let b = v - 22. What is the units digit of b/(-35) + 14/5?
3
Let m(x) be the first derivative of -4*x**2 - 5*x + 21. What is the hundreds digit of m(-17)?
1
Suppose -w - 6*j + j + 10 = 0, -4*j = 5*w - 71. Let l be -6*(3 - 295/w). Let z = -52 + l. What is the tens digit of z?
4
Let r(n) = -n**3 - 9*n**2 - 8*n + 4. Let s be r(-8). Let b be (38/8)/(1/s). Let u = b - 13. What is the units digit of u?
6
Let z(v) be the second derivative of v**5/20 - 7*v**4/6 - 13*v**3/6 - 5*v**2 - v. Let k be z(15). Let t = k - 17. What is the units digit of t?
3
Let h(u) = -u**2 + 9*u - 9. Let q be h(9). Let o be 32 + (-3)/(q/(-3)). Suppose 0*k + 63 = 5*k - 4*w, -3*k = w - o. What is the units digit of k?
1
Suppose 0 = 5*r + 4*j - 285, 2*r + 3*j - 114 = j. Let y be r/(0 - (-6)/4). Let h = y - 1. What is the units digit of h?
7
What is the tens digit of 16/40*(823 - 3)*1?
2
Let h(y) be the first derivative of 7*y**3 + y**2 - 2*y + 8. What is the tens digit of h(-2)?
7
Let m(w) = 0*w**3 + w**3 + 2*w + 11*w**2 - 1 - 4*w**2. Suppose -l + 3*h + 9 = 0, -38 = 6*l - 3*l + 4*h. What is the units digit of m(l)?
3
Let h(z) = -z**2 - 7*z - 5. Let n be h(-5). Suppose -2*b = 3*v + 2*b + 16, 5*b + 20 = -n*v. Suppose 5*p - 9 - 41 = v. What is the tens digit of p?
1
Let w(x) = x**2 + 5. Suppose 2*a = -a + 9. Suppose 0 = h + a, 0 = -d - 3*d - 3*h - 9. What is the units digit of w(d)?
5
Suppose -3*v + v = 0. Suppose v = -p + 3*b + 6, 5*b + 17 = -2*p + 4*p. What is the units digit of p?
1
What is the units digit of (-17284)/(-87) - 1/(-3) - -2?
1
Suppose 0 = -2*d + w - 7, -4*w + 18 = 4*d + 2. What is the units digit of (-2 + d)*(-66 - 13)?
7
Suppose 0 = -4*u - 2*f - 12642, 3*f - 2*f = -5*u - 15807. What is the tens digit of u/(-21) + (-4)/7?
5
What is the thousands digit of (-2068)/(-2) + (-5)/(12 + -11)?
1
Suppose 2*n - 182 = 118. Let s = n + 25. What is the units digit of s?
5
Let q = 32 - 36. What is the units digit of (-8)/4*q/8?
1
Let f = 528 + 988. Suppose 7*r - f + 473 = 0. What is the tens digit of r?
4
Suppose -3*h - 11 = -32. Suppose -h*g = -386 - 202. What is the tens digit of g?
8
Suppose -5*p + 16 - 86 = 0. Let g(h) = -4*h - 15. What is the units digit of g(p)?
1
Let o = -240 - -241. What is the units digit of o?
1
Let m be 4/(-14) - 8/(-28). Suppose -4*i + 28 - 12 = m. Suppose 5*p = -3*r + 32, 86 = i*r - p - p. What is the units digit of r?
9
Let f(q) = q**3 - q**2. Let p be f(-1). Let x be (-34)/(-153) + p/9. Suppose 2*b - 4*b + 3*o + 8 = x, 4*b = -3*o + 16. What is the units digit of b?
4
Let p = -10 + 0. Suppose -2*g = -2*b - 8, -3*g - 4*b + 0*b = -12. What is the units digit of (-12)/g + 1 - p?
8
Let q(b) = -2*b**3 - 11*b**2 - 8*b + 10. Let a(k) = k**3 + 12*k**2 + 8*k - 9. Let t(g) = -3*a(g) - 2*q(g). What is the hundreds digit of t(15)?
1
Let i = 431 - -130. What is the hundreds digit of i?
5
Let q be 4/3*(-6)/4. Let t(b) = b**2 - 13*b - 1. Let o(j) = -5*j**2 + 66*j + 5. Let v(z) = q*o(z) - 11*t(z). What is the units digit of v(8)?
5
Let v = -5628 + 8622. What is the thousands digit of v?
2
Suppose 18 = 3*u - 9. Suppose -u*v + 7*v + 234 = 0. What is the hundreds digit of v?
1
Suppose k + 2*k = 5*b - 350, 0 = -b - 4*k + 93. Let y = -186 + b. Let f = -40 - y. What is the tens digit of f?
7
Let r(l) = 2*l**2 - 11*l - 9. Let o(u) = -u**2 + 5*u + 4. Let d(a) = -5*o(a) - 2*r(a). What is the tens digit of d(-6)?
5
Suppose -1302 = -4*n - 238. What is the hundreds digit of n?
2
Let s = 1055 + -76. What is the tens digit of s?
7
Let y be 1*-9*(-4)/6. Let f = 2 + y. Suppose 0 = 2*p - 2 - f. What is the units digit of p?
5
What is the tens digit of -4 - (-29*21 + 3)?
0
What is the tens digit of ((-5219)/(-102))/((-2)/(-12))?
0
Suppose -5*x + 1727 = 2*q, -5*q - 7*x + 8*x = -4385. What is the units digit of q?
6
Let l(s) = s**3 - 3*s**2 + 4*s - 8. Suppose k + 20 = -14. Let p = -29 - k. What is the units digit of l(p)?
2
Let o = 6 + -6. Suppose o = -0*r - r + 3. Suppose -c + 12 = x, 14 = -2*x + r*c + 48. What is the units digit of x?
4
Suppose 3*m + 92 = 4*l, 6*l - 3*l - m - 64 = 0. What is the tens digit of l?
2
Suppose -5 = -m + 27. Let x = -15 + m. What is the tens digit of x?
1
What is the units digit of ((-3)/((-45)/295))/((-2)/(-36))?
4
Let t(j) = -5 + 12*j + 4*j + 4. Let a be t(-2). Let y = 7 - a. What is the units digit of y?
0
Suppose -2*b + a + 91 = 0, 5*b - 2*a = 97 + 131. Suppose -w = -0*w + 2*u - b, 0 = -5*w + 5*u + 215. What is the tens digit of w?
4
Suppose -10*f - 538 = -12*f. What is the hundreds digit of f?
2
Let p(x) = -1845*x - 19. What is the thousands digit of p(-